
-22
Let i(o) = -7*o**2 - 810*o - 20915. Determine i(-39).
28
Let m(s) = 3*s**3 - 6*s**2 + 155*s - 806. Determine m(5).
194
Let w(b) = 25*b**3 - 823*b**2 - 135*b + 2260. What is w(33)?
-17
Let t(k) = -2*k**2 + 144*k + 36040. What is t(-103)?
-10
Let x(p) = 5049*p + 287762. Give x(-57).
-31
Let p(h) = -2326*h + 209338. Determine p(90).
-2
Let p(f) = f**3 - 395*f**2 + 13501*f + 23213. Give p(357).
8
Let t(q) = -q**3 - 28*q**2 + 112*q + 4272. Calculate t(-26).
8
Let h(z) = z**3 - 58*z**2 - 746*z + 23149. What is h(64)?
-19
Let r(g) = g**3 - 112*g**2 + 20*g - 1975. What is r(112)?
265
Let h(p) = 2*p**3 + 69*p**2 + 245*p + 977. What is h(-31)?
109
Let h(x) = 3755*x - 762249. Give h(203).
16
Let v(r) = -20622*r - 123741. Give v(-6).
-9
Let m(s) = 14*s**3 + s**2 - 110*s - 317. Determine m(-3).
-356
Let o(m) = -58022*m - 2262872. Determine o(-39).
-14
Let j(h) = 11*h**2 + 16*h + 200. Give j(-8).
776
Let b(t) = -t**2 - 40*t + 2586. What is b(-72)?
282
Let a(w) = w**3 - 30*w**2 + 5896*w - 176937. Determine a(30).
-57
Let c(t) = 15622*t - 1890238. Give c(121).
24
Let u(y) = y**3 + 555*y**2 + 16737*y + 17. Calculate u(-32).
-15
Let t(w) = 7582*w + 15206. Calculate t(-2).
42
Let j(z) = -1293*z - 2070. Determine j(-1).
-777
Let c(d) = -2*d**3 + 398*d**2 + 400*d - 289. Give c(200).
-289
Let k(s) = -2896*s + 5578. Calculate k(2).
-214
Let g(v) = 19527*v + 2226085. Give g(-114).
7
Let n(w) = -w**2 + 609*w - 10011. Calculate n(17).
53
Let y(f) = -1191*f + 7740. Determine y(7).
-597
Let f(r) = 109214*r + 546040. What is f(-5)?
-30
Let c(d) = -4*d**3 + 14*d**2 - 5*d + 216. Determine c(6).
-174
Let p(v) = -v**3 - 153*v**2 - 5152*v - 96. Give p(-103).
110
Let v(t) = 3*t**3 - 239*t**2 - 1186*t + 71. Determine v(-5).
-349
Let y(m) = -92185*m + 1106220. What is y(12)?
0
Let c(y) = y**2 - 4799*y + 303105. What is c(64)?
65
Let a(v) = 378*v + 15380. Determine a(-35).
2150
Let g(m) = -34*m**2 + 1042*m - 6275. What is g(6)?
-1247
Let j(a) = 130*a + 3153. What is j(-23)?
163
Let w(i) = 595*i + 211653. Give w(-356).
-167
Let d(n) = 4*n**2 - 4333*n - 34734. Calculate d(-8).
186
Let v(z) = -z**2 - 3316*z + 29950. Determine v(9).
25
Let a(b) = 164*b**3 - 11644*b**2 - 28*b + 1993. Determine a(71).
5
Let r(j) = j**3 + 21*j**2 + 116*j + 163. Determine r(-3).
-23
Let u(k) = -3*k**3 - 43*k**2 + 87*k + 879. What is u(-15)?
24
Let c(m) = 1206*m + 112213. Calculate c(-93).
55
Let f(m) = 2*m**2 - 437*m + 23426. What is f(121)?
-169
Let h(c) = -1344*c - 9571. Give h(-7).
-163
Let p(k) = 4*k**3 + 1124*k**2 + 61272*k + 10. Give p(-207).
10
Let b(u) = 22*u**3 - 4*u**2 - 158*u + 162. Determine b(1).
22
Let k(b) = 2*b**2 - 30790*b + 61563. Give k(2).
-9
Let k(c) = -13*c**3 - 9*c**2 + 149*c - 376. What is k(3)?
-361
Let v(i) = 5*i**3 + 70*i**2 + 5413*i + 75785. Calculate v(-14).
3
Let u(p) = -11*p**2 - 8204*p + 16415. Calculate u(2).
-37
Let n(b) = -181210*b - 1268470. Give n(-7).
0
Let o(t) = 7281*t - 13260. Calculate o(2).
1302
Let n(g) = g**3 + 46*g**2 + 541*g + 432. Determine n(-25).
32
Let y(z) = -1974*z**3 + 5920*z**2 + 4*z - 7. Give y(3).
-13
Let g(c) = 4998*c - 344835. Determine g(69).
27
Let j(s) = 23*s**2 + 902*s + 2625. Calculate j(-3).
126
Let b(n) = -2*n**3 + 476*n**2 - 15830*n - 399. Give b(40).
1
Let j(r) = -465*r + 28907. Determine j(62).
77
Let q(i) = 407*i - 711. Calculate q(3).
510
Let b(h) = h**2 + 87*h - 25886. Give b(-210).
-56
Let c(a) = a**3 + 47*a**2 + 6*a - 7137. What is c(-43)?
1
Let k(f) = 27*f**3 + 481*f**2 - 580*f + 24. What is k(-19)?
-508
Let d(r) = 2*r**3 - 43*r**2 + 178*r + 437. What is d(16)?
469
Let w(x) = 246*x**3 - 57072*x**2 + 4*x - 938. Determine w(232).
-10
Let c(i) = 5*i**3 - 21*i**2 - 39*i + 7. Calculate c(-2).
-39
Let r(p) = p**3 - 29*p**2 + 207*p + 26. Calculate r(12).
62
Let d(b) = 129155*b - 12657194. What is d(98)?
-4
Let z(b) = -958*b + 49388. Calculate z(52).
-428
Let i(h) = -44*h**2 + 1154*h - 5956. What is i(7)?
-34
Let o(z) = -z**3 + 148*z**2 - 4530*z + 5857. Give o(41).
-6
Let q(i) = 253321*i - 2533217. What is q(10)?
-7
Let k(n) = -n**3 - 14*n**2 + 106*n - 2312. Calculate k(-23).
11
Let q(i) = 396*i + 118385. Give q(-300).
-415
Let p(f) = 7*f**2 - 410*f - 17769. Give p(-29).
8
Let v(s) = 10*s**2 + 717*s + 12693. Calculate v(-32).
-11
Let j(w) = 5*w**2 - 471*w + 3237. Give j(86).
-289
Let j(l) = 5*l**2 + 9079*l + 54472. Determine j(-6).
178
Let n(g) = 2289*g - 11325. Give n(5).
120
Let w(c) = c**2 + 857*c - 1729. Determine w(2).
-11
Let n(x) = x**3 - 7*x**2 - 422*x + 1731. Calculate n(4).
-5
Let z(a) = 4*a**2 + 126*a + 1504. Calculate z(-32).
1568
Let h(m) = -674*m + 65419. Give h(97).
41
Let m(h) = -h**3 + 60*h**2 + 1218*h + 51. Determine m(-16).
19
Let c(j) = -306*j**3 + 2674*j**2 + 715*j + 42. Give c(9).
-3
Let u(t) = 73*t**2 - 5226*t + 26927. Give u(66).
-1
Let h(a) = -2*a**2 + 931*a - 19673. Calculate h(22).
-159
Let b(h) = -h**3 + 55*h**2 - 362*h + 3239. Calculate b(49).
-93
Let b(m) = 3*m**3 - 1269*m**2 - 16. What is b(423)?
-16
Let y(j) = 20*j**2 + 167*j + 49. What is y(-8)?
-7
Let v(l) = -3*l**3 + 458*l**2 + 150*l + 550. Determine v(153).
91
Let d(o) = 1168*o - 1022. Determine d(1).
146
Let y(t) = -280*t - 5077. Calculate y(-18).
-37
Let f(t) = -12*t**3 - 80*t**2 + 196*t + 2. Give f(2).
-22
Let z(x) = 1081*x + 17363. Give z(-16).
67
Let o(k) = -k**3 - 157*k**2 + 30*k - 20191. Calculate o(-158).
33
Let a(w) = -w**3 - 34*w**2 - 18*w - 205. Determine a(-33).
-700
Let g(l) = -30466*l + 243726. Determine g(8).
-2
Let c(k) = 95679*k - 95285. What is c(1)?
394
Let h(v) = -v**2 + 116906*v + 1753777. Calculate h(-15).
-38
Let h(w) = w**3 + w**2 - 3193*w + 6385. Give h(2).
11
Let k(g) = -g**3 + 486*g**2 - 1594*g + 70037. Give k(483).
2
Let a(f) = 167987*f - 1007932. Calculate a(6).
-10
Let y(x) = -3815*x + 57254. Calculate y(16).
-3786
Let l(r) = -r**2 - 858*r - 150216. What is l(-245)?
-31
Let m(g) = -3*g**2 - 584*g + 4237. Give m(7).
2
Let n(v) = 4732*v - 59. Calculate n(0).
-59
Let y(g) = g**2 + 94*g - 127. Determine y(0).
-127
Let f(k) = k**2 - 179*k - 183398. Calculate f(-348).
-2
Let r(d) = d**3 - 49*d**2 + 131*d + 2010. Determine r(-5).
5
Let v(f) = 272*f + 1570. Calculate v(-4).
482
Let g(l) = 735*l + 2269. What is g(-3)?
64
Let r(k) = 1223*k**3 - 18*k**2 - 9*k + 9. Give r(-1).
-1223
Let f(t) = -11*t**3 - 549*t**2 + 161*t + 5716. Give f(-50).
166
Let g(b) = -5429*b - 8420353. Determine g(-1551).
26
Let t(b) = -1654*b + 198456. Determine t(120).
-24
Let t(f) = -2*f**2 - 3310*f - 215852. Give t(-68).
-20
Let r(p) = -9458*p + 104616. Determine r(11).
578
Let u(i) = -4*i**2 - 3302*i + 6606. What is u(2)?
-14
Let a(v) = -26*v**3 - 138*v**2 + 710*v + 3750. What is a(-5)?
0
Let z(u) = -39*u**2 - 276*u - 102. What is z(-7)?
-81
Let t(v) = 175*v - 25587. Give t(147).
138
Let c(h) = -2*h**2 - 601*h - 43694. Give c(-177).
25
Let h(x) = 14*x**3 - 8986*x**2 - 1340*x + 35942. Calculate h(642).
-10
Let g(t) = -t**2 + 135232*t - 405684. Determine g(3).
3
Let l(z) = 12*z**2 + 1312*z - 4949. Calculate l(-113).
23
Let j(u) = -1966*u**2 - 72737*u + 188. Calculate j(-37).
3
Let w(y) = 2*y**2 + 6400*y + 57680. What is w(-9)?
242
Let k(h) = h**3 - 139*h**2 + 89*h - 13513. Give k(139).
-1142
Let x(m) = 644*m - 61986. Calculate x(97).
482
Let u(p) = 2085*p - 1223839. Calculate u(587).
56
Let n(f) = -109*f**2 - 1719*f - 3951. What is n(-13)?
-25
Let g(w) = -4*w**3 - 2*w**2 - 19748*w - 19748. What is g(-1)?
2
Let s(x) = 170963*x - 12138366. What is s(71)?
7
Let s(z) = -z**3 + 133*z**2 - 682*z - 10. Give s(6).
470
Let g(o) = -17*o**2 - 983*o - 6044. What is g(-6)?
-758
Let c(v) = 14291*v - 8274487. Calculate c(579).
2
Let i(x) = -3*x**3 - 809*x**2 - 671*x - 35774. Determine i(-269).
3
Let g(v) = -175*v - 56672. What is g(-327)?
553
Let k(n) = 1466*n + 8989. Determine k(-7).
-1273
Let q(c) = -39*c**2 - 334*c + 9. Determine q(0).
9
Let p(m) = 2*m**3 + 230*m**2 - 214*m + 33. What is p(-116)?
-2055
Let g(i) = -9*i**3 - 88*i**2 + 35*i + 229. Calculate g(-10).
79
Let m(q) = q**2 + 189*q - 174692. What is m(334)?
-10
Let t(i) = -i**3 - 22*i**2 + 250*i - 746. Determine t(-31).
153
Let m(i) = -i**3 - 4*i**2 - 35*i + 189. Calculate m(5).
-211
Let z(h) = -228*h - 10612. What is z(-46)?
-124
Let x(p) = 8610*p**2 - 86104*p + 54. What is x(10)?
14
Let y(c) = -16980*c -